{"id":34,"date":"2023-10-23T08:00:29","date_gmt":"2023-10-23T06:00:29","guid":{"rendered":"http:\/\/xn--czynasgminamaszewo-hcc33j.pl\/?page_id=34"},"modified":"2024-08-15T17:29:02","modified_gmt":"2024-08-15T15:29:02","slug":"cele-o-nas","status":"publish","type":"page","link":"http:\/\/frpg.pl\/?page_id=34","title":{"rendered":"Cele \/ O nas"},"content":{"rendered":"\n<p class=\"has-text-align-center\"><strong>Fundacja Region Powiat Gmina<\/strong> (wcze\u015bniejsza nazwa Fundacja \u0141\u0105czy Nas Gmina Maszewo) powsta\u0142a w 2023 roku. G\u0142\u00f3wnym celem jej dzia\u0142ania jest szeroko poj\u0119ta pomoc Mieszka\u0144com regionu wojew\u00f3dztwa zachodniopomorskiego w zakresie doradztwa, pomocy prawnej i opieku\u0144czej. Wspieramy wszelkiego rodzaju inicjatywy spo\u0142eczne oraz anga\u017cujemy si\u0119 w organizacj\u0119 imprez aktywizuj\u0105cych lokaln\u0105 spo\u0142eczno\u015b\u0107.<br>-Dlaczego anga\u017cuj\u0119 si\u0119 w wolnym czasie w sprawy regionalne i lokalne? Odpowied\u017a jest banalnie prosta, kt\u00f3r\u0105 podkre\u015blam za ka\u017cdym razem: bo tutaj jest Nasza Ma\u0142a Ojczyzna, bo powinni\u015bmy pomaga\u0107 potrzebuj\u0105cym, bo powinni\u015bmy by\u0107 ponad wszelkimi podzia\u0142ami (a nie je stwarza\u0107), bo tylko we wsp\u00f3lnocie mo\u017cna osi\u0105gn\u0105\u0107 wi\u0119cej. Powstanie Fundacji jest niejako \u201eubraniem\u201d w form\u0119 prawn\u0105 dzia\u0142a\u0144, kt\u00f3re prowadzimy od kilku lat. Zapraszam wszystkich Mieszka\u0144c\u00f3w regionu do wsp\u00f3\u0142pracy i kontaktu \u2013 m\u00f3wi Pawe\u0142 Siatecki, Prezes Fundacji Region Powiat Gmina.<\/p>\n\n\n\n<p><\/p>\n\n\n\n<p class=\"has-text-align-center\"><strong>Sk\u0142ad Zarz\u0105du:<\/strong><\/p>\n\n\n\n<p class=\"has-text-align-center\">Pawe\u0142 Siatecki &#8211; Prezes<\/p>\n\n\n\n<p class=\"has-text-align-center\">Dariusz Kropid\u0142owski &#8211; Wiceprezes<\/p>\n","protected":false},"excerpt":{"rendered":"<p>Fundacja Region Powiat Gmina (wcze\u015bniejsza nazwa Fundacja \u0141\u0105czy Nas Gmina Maszewo) powsta\u0142a w 2023 roku. G\u0142\u00f3wnym celem jej dzia\u0142ania jest szeroko poj\u0119ta pomoc Mieszka\u0144com regionu wojew\u00f3dztwa zachodniopomorskiego w zakresie doradztwa, pomocy prawnej i opieku\u0144czej. Wspieramy wszelkiego rodzaju inicjatywy spo\u0142eczne oraz anga\u017cujemy si\u0119 w organizacj\u0119 imprez aktywizuj\u0105cych lokaln\u0105 spo\u0142eczno\u015b\u0107.-Dlaczego anga\u017cuj\u0119 si\u0119 w wolnym czasie w sprawy &hellip; <\/p>\n<p class=\"link-more\"><a href=\"http:\/\/frpg.pl\/?page_id=34\" class=\"more-link\">Czytaj dalej<span class=\"screen-reader-text\"> \u201eCele \/ O nas\u201d<\/span><\/a><\/p>\n","protected":false},"author":1,"featured_media":0,"parent":0,"menu_order":0,"comment_status":"closed","ping_status":"closed","template":"","meta":{"footnotes":""},"class_list":["post-34","page","type-page","status-publish","hentry"],"_links":{"self":[{"href":"http:\/\/frpg.pl\/index.php?rest_route=\/wp\/v2\/pages\/34","targetHints":{"allow":["GET"]}}],"collection":[{"href":"http:\/\/frpg.pl\/index.php?rest_route=\/wp\/v2\/pages"}],"about":[{"href":"http:\/\/frpg.pl\/index.php?rest_route=\/wp\/v2\/types\/page"}],"author":[{"embeddable":true,"href":"http:\/\/frpg.pl\/index.php?rest_route=\/wp\/v2\/users\/1"}],"replies":[{"embeddable":true,"href":"http:\/\/frpg.pl\/index.php?rest_route=%2Fwp%2Fv2%2Fcomments&post=34"}],"version-history":[{"count":18,"href":"http:\/\/frpg.pl\/index.php?rest_route=\/wp\/v2\/pages\/34\/revisions"}],"predecessor-version":[{"id":385,"href":"http:\/\/frpg.pl\/index.php?rest_route=\/wp\/v2\/pages\/34\/revisions\/385"}],"wp:attachment":[{"href":"http:\/\/frpg.pl\/index.php?rest_route=%2Fwp%2Fv2%2Fmedia&parent=34"}],"curies":[{"name":"wp","href":"https:\/\/api.w.org\/{rel}","templated":true}]}}